se
Is 25994993 a prime number?
True
Is 525517571 composite?
True
Is 82266298417 a prime number?
True
Is 77542934663 prime?
True
Is 5859911159 a composite number?
True
Is 760514401 a prime number?
False
Is 26410384003 a composite number?
False
Is 18498124147 composite?
False
Is 6901487429 a prime number?
True
Is 2380648103 prime?
False
Is 1853594461 a prime number?
False
Is 602075729 a prime number?
False
Is 130655635223 prime?
True
Is 5911502717 a prime number?
False
Is 280052233 a composite number?
True
Is 98036387 composite?
False
Is 818113099 composite?
True
Is 40444057669 composite?
True
Is 6169340459 prime?
True
Is 829942409 prime?
True
Is 1005510869 prime?
False
Is 1175814559 a composite number?
True
Is 15808191463 a prime number?
False
Is 2782064201 a composite number?
True
Is 4459519 a composite number?
False
Is 6536137133 composite?
False
Is 267704638657 a prime number?
False
Is 45398059881 a composite number?
True
Is 11480446478 composite?
True
Is 2547425786 a composite number?
True
Is 3748572583 prime?
False
Is 85540826171 composite?
False
Is 111455083193 a composite number?
False
Is 1083049777 a composite number?
True
Is 399562841 prime?
False
Is 338267641 composite?
False
Is 5166461999 prime?
True
Is 396052711 prime?
True
Is 9182676367 a composite number?
False
Is 134074453 a composite number?
True
Is 3684031123 a prime number?
True
Is 195013647503 a prime number?
False
Is 6359616421 composite?
True
Is 23578765933 a prime number?
True
Is 6155577449 a prime number?
False
Is 1704980699 a prime number?
True
Is 1061738953 a prime number?
False
Is 204203003 a prime number?
True
Is 2351319121 prime?
False
Is 8017239353 composite?
False
Is 3634737019 a prime number?
True
Is 627144967 prime?
True
Is 3606636757 prime?
False
Is 4251260869 prime?
True
Is 123592151 composite?
False
Is 165730139921 prime?
True
Is 175270811 a prime number?
True
Is 1592438579 a composite number?
False
Is 161745641 a composite number?
False
Is 2969148703 a prime number?
True
Is 1089856363 composite?
False
Is 89418015941 composite?
True
Is 14423726819 a prime number?
False
Is 2716484059 a composite number?
False
Is 618640793 a composite number?
True
Is 405694201 composite?
True
Is 7386681821 a composite number?
True
Is 971685461 prime?
True
Is 2034480667 a prime number?
True
Is 2853954911 prime?
True
Is 949058777 composite?
True
Is 662847739 a composite number?
False
Is 19535262767 a composite number?
True
Is 25196166053 a prime number?
False
Is 230731069 prime?
False
Is 55090078595 a composite number?
True
Is 3886610879 composite?
False
Is 64896405121 prime?
True
Is 4203905837 composite?
False
Is 191823365 prime?
False
Is 5797795571 prime?
True
Is 9610041773 a composite number?
True
Is 113820608281 a prime number?
True
Is 37599429067 composite?
False
Is 10366875231 a composite number?
True
Is 122757600871 composite?
False
Is 70260401461 prime?
False
Is 1529018609 prime?
True
Is 221844244669 a composite number?
False
Is 10495182287 composite?
False
Is 691144511 a prime number?
True
Is 38874949 a prime number?
True
Is 36691849 a prime number?
True
Is 2652358531 composite?
True
Is 566691959 composite?
False
Is 4790379145 a composite number?
True
Is 10948339282 a prime number?
False
Is 1115291363 a composite number?
False
Is 11534006291 a composite number?
False
Is 6458874017 a composite number?
True
Is 6684629563 a composite number?
False
Is 29743982011 prime?
False
Is 3172713421 composite?
True
Is 167387369 a composite number?
False
Is 2490398615 a prime number?
False
Is 4772124355 a prime number?
False
Is 2855214847 composite?
True
Is 670868251 a composite number?
True
Is 67692792997 composite?
True
Is 2682355127 a prime number?
True
Is 1747567519 a prime number?
True
Is 14740708243 prime?
True
Is 7653655079 a composite number?
True
Is 1313010389 composite?
False
Is 2774293031 prime?
True
Is 23694207 composite?
True
Is 15536083 prime?
False
Is 42228501527 a composite number?
False
Is 944820557 a composite number?
False
Is 454042793 composite?
True
Is 6086730761 prime?
False
Is 13912357391 a prime number?
False
Is 127510182089 a prime number?
True
Is 141060555149 a composite number?
False
Is 4006484411 composite?
True
Is 77854879 composite?
True
Is 8046470818 prime?
False
Is 492899333 a composite number?
True
Is 16468398101 a composite number?
False
Is 846546313 composite?
True
Is 57739359109 prime?
True
Is 2298050893 composite?
True
Is 2733705341 a composite number?
True
Is 2509809457 prime?
False
Is 895986779 prime?
False
Is 700629002 a prime number?
False
Is 6833771057 prime?
True
Is 1283356831 prime?
False
Is 756374615 a composite number?
True
Is 26147263 a composite number?
False
Is 187211629469 composite?
False
Is 6459949009 a composite number?
False
Is 1695824693 prime?
False
Is 1091446163 a prime number?
False
Is 5932460291 a prime number?
True
Is 829679831 a composite number?
False
Is 7440627307 a prime number?
True
Is 8939487833 prime?
True
Is 117012047 a composite number?
True
Is 239826373 a composite number?
True
Is 8991268735 prime?
False
Is 1125321469 a prime number?
True
Is 13366337909 prime?
True
Is 2285698201 a prime number?
True
Is 14374403551 composite?
False
Is 8698189921 a prime number?
True
Is 192428715229 a composite number?
True
Is 11939350573 a prime number?
True
Is 38231974789 prime?
False
Is 1011884683 a prime number?
False
Is 8801998211 prime?
True
Is 2912721463 a prime number?
False
Is 3759145753 a prime number?
False
Is 56140187 a composite number?
False
Is 1342340679 prime?
False
Is 1790659151 a prime number?
True
Is 8264350999 a prime number?
False
Is 2419432205 composite?
True
Is 593038291 a prime number?
False
Is 54507871709 prime?
False
Is 628488143 composite?
True
Is 379298589581 prime?
False
Is 13929199337 composite?
True
Is 14722773629 prime?
True
Is 31596141523 a composite number?
True
Is 742204987 a prime number?
True
Is 96864137 a prime number?
True
Is 22544935031 a composite number?
False
Is 3210707263 a prime number?
True
Is 386434199 a composite number?
False
Is 106980393287 composite?
True
Is 986550637 composite?
False
Is 9459413 prime?
False
Is 19309268597 prime?
True
Is 8031547957 composite?
True
Is 111530552713 prime?
True
Is 9996004399 prime?
True
Is 40293211835 a prime number?
False
Is 2724201713 composite?
True
Is 259796681 composite?
True
Is 12863167127 a composite number?
False
Is 6863387471 composite?
False
Is 6378945217 a prime number?
True
Is 1278566845 a prime number?
False
Is 2472593239 prime?
True
Is 1354902551 a composite number?
False
Is 264311881 prime?
False
Is 1008840661 prime?
False
Is 44760015457 prime?
True
Is 1317172973 a composite number?
False
Is 76692438789 prime?
False
Is 99413887 a composite number?
False
Is 2039792707 a prime number?
True
Is 37382586949 prime?
True
Is 45182060467 a composite number?
False
Is 3818656883 composite?
False
Is 9234265223 a prime number?
False
Is 245467463 a prime number?
False
Is 769486361 prime?
False
Is 67503600607 composite?
True
Is 2554175593 a prime number?
True
Is 2146017331 a composite number?
True
Is 18948089 a composite number?
False
Is 80956135453 a composite number?
True
Is 8594646227 prime?
True
Is 1973904197 composite?
False
Is 87348852757 composite?
True
Is 47672758603 prime?
True
Is 5772704141 composite?
False
Is 5025788531 composite?
False
Is 5655127371 a composite number?
True
Is 1013356387 prime?
True
Is 51750379 prime?
True
Is 1239731167 prime?
False
Is 558548807 a composite number?
False
Is 19758989273 prime?
True
Is 11938372673 prime?
True
Is 55162555271 prime?
True
Is 23986746463 a composite number?
False
Is 3142716259 a prime number?
True
Is 73688498519 a composite number?
False
Is 337887349 a prime number?
False
Is 456261167 a composite number?
False
Is 13192267693 a prime number?
False
Is 1187814037 composite?
False
Is 392049337 composite?
False
Is 6958576763 a composite number?
False
Is 61783391 prime?
True
Is 78583137107 a prime number?
True
Is 136796385299 a composite number?
True
Is 1904456681 a prime number?
True
Is 1065262643 a prime number?
False
Is 4291605391 prime?
False
Is 585040361 a prime number?
True
Is 225519661 prime?
False
Is 12271576819 composite?
True
Is 1364540321 a prime number?
False
Is 2331612763 a prime number?
